t c be ((-98)/140 + a/(-4))*25. Suppose -c*m + 17*m = -702. What is the highest common factor of 26 and m?
26
Let i be 0*(-1 + (-2)/(-4)). Suppose i*k + k = 3. Let p be (-105)/20*(-14 + 32 - 22). Calculate the greatest common divisor of p and k.
3
Let b = -31675 + 32576. What is the greatest common divisor of 289 and b?
17
Let o be -16 - -14 - 1*3 - -305. Suppose 25*u = 21*u + o. What is the greatest common divisor of u and 45?
15
Suppose 10*q = 14*q - 336. Let n(v) = -v**2 + 11*v + 14. Let d be n(10). What is the highest common factor of d and q?
12
Suppose -4*k + 203 = u, -208*u - 5*k + 1075 = -203*u. What is the highest common factor of u and 2117?
73
Let k be ((-37 - -5)/(-2))/((-2)/(-196)). Calculate the highest common divisor of k and 245.
49
Let s = 3502 + -3447. Suppose 0 = 2*w - 4, -3*d + 0*d + 104 = w. Suppose 0 = 5*b - 25, -4*m + 5*b = 3*b - d. Calculate the highest common divisor of s and m.
11
Let f(u) = 6*u**2 + 10*u - 1. Let g be f(-2). Let h be (7/5)/(5*g/75). What is the greatest common divisor of 63 and h?
7
Let p = 202 - 120. Suppose 922 = 5*a + p. What is the greatest common factor of a and 112?
56
Let a be -89 + -1 - (-25)/25. Let v = a + 96. Suppose -w + 5*p + 38 = -34, 3*w = 5*p + 226. What is the greatest common factor of v and w?
7
Suppose 5745 = 5*n - 5*c, -5*n = 1566*c - 1569*c - 5743. What is the greatest common factor of 140 and n?
28
Let r be 10*1/20*2*2. Let m be (-6)/r + 29 + (-6)/(-6). What is the highest common divisor of m and 81?
27
Let u(z) = -12*z + 6. Let k be u(-1). Let f be (-4)/10 + 104/10. Let j be (288/f)/(2/10). Calculate the highest common factor of k and j.
18
Suppose 26*s - 6*s = -600. Let u be (-46)/(((-1)/(-35))/(12/s)). Calculate the highest common factor of u and 28.
28
Let n = -152 + 2050. Suppose 17*g - n = 1638. What is the greatest common factor of 65 and g?
13
Suppose n - 30 = -2*n + 3*j, -5*n + 22 = 2*j. Suppose -4*k + 160 = n*k. Suppose -k*x + 312 = 88. What is the highest common divisor of 126 and x?
14
Suppose -3*u + 4*b = 2*b + 1135, 0 = 4*b - 20. Let f = u + 759. What is the highest common factor of f and 6?
6
Let s = 10481 - 8600. Calculate the greatest common divisor of 198 and s.
99
Let n be 4/(-114) + 111852/513. What is the highest common divisor of n and 4?
2
Let j be (-9)/((-126)/203)*6. Suppose -j*v + 85*v + 924 = 0. Calculate the highest common factor of v and 42.
42
Let r(l) = -6*l - 11. Let b = 25 + -23. Let z be -1 + b - (2 + 2). Let c be r(z). What is the greatest common divisor of 7 and c?
7
Suppose -4*a + 4*d + 92 = 0, 4*d = 3*a - d - 67. Let q(w) = -w**3 + 28*w**2 - 47*w - 14. Let o be q(a). What is the highest common divisor of o and 14?
14
Let o(c) = c**2 - 16*c + 26. Let m be o(15). Suppose 41 + m = 26*q. Calculate the greatest common divisor of 7 and q.
1
Let l = 15431 + -14117. What is the highest common factor of 1095 and l?
219
Let c = 2258 + -2049. Calculate the highest common factor of 171 and c.
19
Let y(p) = p**3 + 8*p**2 + 50*p + 340. Let d be y(-7). Calculate the highest common divisor of 6981 and d.
39
Let c = -2435 + 2459. What is the greatest common divisor of 1992 and c?
24
Suppose 3*v = 0, 4*v = -3*o - v + 9. Suppose 120 = 9*i - 5*i - 4*y, -156 = -5*i + o*y. Calculate the highest common factor of i and 44.
11
Let k be ((-21)/(-14))/((-1)/68). Suppose 0 = -3*i - 6, 2*i + 6 - 11 = 3*r. Let o = r - k. What is the greatest common divisor of 9 and o?
9
Let s be -15*(-4 - (-52)/12). Let b be (-2)/s - (-416)/10. Suppose 36 = b*r - 38*r. What is the greatest common factor of r and 27?
9
Let i = -5 - -9. Let u be i/10 - (-39)/15. Suppose -89*w = 93*w - 910. What is the highest common factor of u and w?
1
Let i be (-24696)/(-312) - 4/26. Let z = i - 76. What is the greatest common divisor of 24 and z?
3
Let o be 249/415 + (-1484)/(-10). Suppose -7371 = 142*g - o*g. Calculate the highest common divisor of g and 39.
39
Let i be (-6 + 126)*-2*2/(-4). Suppose -691 - 189 = -11*n. What is the greatest common divisor of n and i?
40
Let y(f) = -3*f**2 + 285*f + 218. Let h be y(94). What is the greatest common factor of 625 and h?
125
Let b(c) = 1 + 26*c - 3 + 126*c**2 - 13 - 32*c. Let v be b(-3). Let l = -609 + v. What is the highest common divisor of l and 48?
48
Suppose 14*z - 3128 - 9472 = 0. Let v = 694 - 494. What is the highest common divisor of z and v?
100
Let v be 7/((8/(-40))/(2/(-10))). Suppose -77 = -v*y + 189. Calculate the greatest common factor of 171 and y.
19
Let o = 8 + -5. Suppose -3*n + 123 = -o. Calculate the highest common factor of 42 and n.
42
Suppose i - 7*t = -11*t + 98, -2*i = 5*t - 205. Suppose -y + 29 = -1. Calculate the greatest common divisor of i and y.
10
Suppose -x - 9086 = 3*x - 6*x. What is the highest common divisor of x and 231?
77
Suppose 13*q + 12 = 15*q - 4*u, 4*q + 2*u = 34. Let f = 674 - 650. What is the greatest common divisor of q and f?
8
Let y(z) = 1411*z - 2765. Let d be y(2). Calculate the greatest common factor of d and 3211.
19
Suppose 0 = -6*b - 4*b + 1080. Suppose 0 = -238*t + 235*t + b. Calculate the highest common factor of t and 156.
12
Let k be 17*42/476*180. What is the greatest common factor of k and 1566?
54
Suppose 26*p - 31*p + o + 101 = 0, 0 = p + 4*o - 16. Suppose -17*c + 13209 = p*c. Calculate the greatest common divisor of 21 and c.
21
Suppose -29 = -9*y - 2. Suppose 0 = -2*w + 3*z + 201, y*w - 3*z - 432 = -123. What is the greatest common divisor of 54 and w?
54
Suppose k = x - 37, -3*k - 72 = -5*x + 103. Let i(z) = -12*z**2 + 53*z + 4. Let d be i(4). Calculate the greatest common factor of x and d.
8
Let l(b) = -b**2 + 21*b + 35. Let k be l(20). Suppose -3*c - k = -4*h + 34, -3*c + 41 = h. Let m = 71 - h. What is the highest common divisor of m and 9?
9
Suppose 38 = -5*p + 4*n, -4*n + 3 = 2*p + 35. Let o = 14791 + -14757. Let f = o + p. What is the greatest common divisor of f and 192?
24
Suppose 3*t - 5664 = -3*f, -2*f - 286*t + 291*t + 3797 = 0. Calculate the greatest common divisor of f and 122.
61
Suppose -2*b + 173 - 963 = 0. Let m = -387 - b. Let c = -26 - -38. Calculate the highest common divisor of m and c.
4
Let h(s) = -s + 84. Let b be h(-10). Suppose j + 2 = g, 2 = 2*g - 7*g - j. Suppose g = -4*l + 102 + b. What is the greatest common factor of 7 and l?
7
Let i(r) = r**2 - r + 6. Let j be i(6). Suppose 532 = -32*d + j*d. Suppose -d = -4*z + 567. Calculate the highest common divisor of z and 35.
35
Let c(o) = o**3 - 17*o**2 + 16*o + 6. Let m be c(16). Let h be -4 + (24*1 - -1). What is the greatest common factor of m and h?
3
Suppose -m + 78 - 8 = 3*d, -5*d + 310 = 5*m. Calculate the highest common factor of 638 and m.
58
Let n(h) = -12*h + 10*h - 30 - 3 + 6*h. Let x be n(22). Calculate the highest common factor of x and 5.
5
Suppose 75 - 1037 = -o - 2*b, -5 = -5*b. What is the greatest common divisor of 816 and o?
48
Let r be ((-8976)/(-60))/(42/105). Calculate the greatest common divisor of 44 and r.
22
Suppose -4 = 4*y + 3*l + 2*l, -3*y = 2*l - 4. Suppose 0*k + y*k = -5*x + 242, -4*k - 8 = 0. What is the greatest common factor of x and 25?
25
Let a be 54/918 + (-912)/(-102). Suppose 0 = -o + 4 + 2. What is the greatest common divisor of a and o?
3
Let a = 139 + -423. Let m = a - -292. What is the highest common divisor of m and 40?
8
Let a = 19925 - 19853. What is the highest common divisor of a and 3177?
9
Suppose 4*d + l - 29 = 0, -4*l + 23 - 3 = 0. Suppose 4*k + 1036 = 2*b, 0 = 10*b - d*b - k - 2051. What is the highest common divisor of 16 and b?
16
Let v(m) = 45*m - 38. Let s be v(13). Suppose -s + 2387 = 10*q. Calculate the greatest common divisor of q and 69.
23
Let z be 4*((-3)/18 + (-6)/(-9)) + 136. Calculate the greatest common factor of 2967 and z.
69
Suppose 0 = 20*o - 22*o + 4*r + 80, -2*o - 2*r + 116 = 0. Calculate the highest common divisor of 11700 and o.
52
Suppose -6*u + 4*u = -2*y + 6, 4*y + u = 17. Suppose -4 = v + j - 42, y*v + 3*j = 154. Calculate the highest common factor of 12 and v.
4
Suppose 4*o = 11 + 1. Let i be 73 - (0 + o + -2). Suppose 1264 = 102*q - 390 + 736. Calculate the highest common factor of i and q.
9
Let w be (-241)/(-2) - (-3)/(-6). Suppose -4*n - y + 647 = -123, n + 2*y - 196 = 0. Suppose -52*s + 56*s = n. Calculate the highest common fact